digit of 1821/4*(20 + (-7 - (-2 + -1)))?
4
Let x be (-77)/(-22)*12/7. Suppose 0 = -5*n + y + 51, -n - 47 = -x*n + 2*y. Let l = 58 - n. What is the units digit of l?
7
Let w(z) = -19*z - 15. Let r be w(-5). Let c be -2 - r/(3 - 7). Suppose c = 2*x - 48. What is the units digit of x?
3
Let m(z) = -3*z**3 + 10*z**2 + 4*z - 30. Let x(d) = d**3 + d**2 + d. Let u(a) = -m(a) - 2*x(a). What is the hundreds digit of u(16)?
9
Let i(t) = 2*t - 36. Suppose -2*p - 3*p = -25, 0 = -3*d + 5*p + 11. Let k be i(d). Let r = k + 89. What is the units digit of r?
7
Let w = 5404 + 39063. What is the thousands digit of w?
4
Let i be ((-72)/(-63))/(3/21). Suppose 4*r = -0*r + i. Suppose 0 = 3*p - 4*m - 469, -p - 5*m = r*p - 487. What is the hundreds digit of p?
1
Let y be (-2209)/(-17) - 32/(-544). Suppose 0*l + 5 = -l + 4*u, -2*u = 5*l - 19. Suppose -616 = -l*v - y. What is the hundreds digit of v?
1
Suppose 0 = -129*y + 9495703 - 649399. What is the ten thousands digit of y?
6
Let q(r) = 2*r - 11. Let w be q(7). Let p(z) = -15*z**2 - 2*z**3 - 20 + 3*z + w*z**3 + 13*z. What is the units digit of p(14)?
8
Suppose -u + 9*u = 2*u + 438546. What is the ten thousands digit of u?
7
Let z(k) = -231*k - 29. Let a be z(-7). Suppose 0 = 9*o - 5*o - a. What is the hundreds digit of o?
3
Let c(r) = 6*r + 0*r - r + 268 + r**2 - 137 - 162. Let w = -4 - -14. What is the units digit of c(w)?
9
Let x(t) = -21 - 85*t + 221*t - 108. What is the tens digit of x(7)?
2
Let s be 2810*(-5)/(-10) + 7. Let b = s - 791. What is the tens digit of b?
2
Let d be -1 - -5 - 1040/(-40). What is the hundreds digit of ((-6336)/120)/((-1)/d)?
5
Let m(q) be the second derivative of -12*q**5/5 + q**4/3 + 7*q**3/6 + 5*q**2/2 - 15*q + 2. What is the hundreds digit of m(-2)?
3
Let x be (-1 - 4225/2)/(21/(-28)). What is the tens digit of x/11 - 4/22?
5
Let d(w) = -249*w - 222. Let o be d(-8). Let g = o + -1000. What is the tens digit of g?
7
Let r(q) = -q**3 + 8*q**2 - 2*q + 10. Let i be r(8). Let g(m) = m**2 + 7*m + 4. Let t be g(i). What is the tens digit of (-1)/t - (-1 + 147/(-2))?
7
What is the hundreds digit of ((-27048)/2058)/((-4)/742)?
4
What is the tens digit of (3/(-1))/((-68031)/17001 - -4)?
8
Let d = 3 - 0. Let h = 3751 - 3251. Suppose -d*c - 1018 = -4*n, 5*c + 16 + h = 2*n. What is the hundreds digit of n?
2
Suppose 16700 = 11*c - 6213. Suppose 0 = -i - 5*m + c, -3027 = -4*i - 4*m + 5321. What is the hundreds digit of i?
0
Let s(d) be the first derivative of -d**4/4 + 8*d**3/3 + 4*d**2 + 3*d + 8. Let m be s(9). What is the tens digit of m + 56 + (1 - -1)?
5
Let n(o) = 371*o**2 + 761*o + 15. What is the hundreds digit of n(-11)?
5
Let d = 54 - 50. What is the tens digit of d/12 - 3092/(-12)?
5
Let h(q) = -1043*q - 670. What is the thousands digit of h(-23)?
3
Suppose -85*s + 45081 = -84*s + 3*l, 2*l = -3*s + 135215. What is the ten thousands digit of s?
4
Let s(o) = o**2 - 28*o + 40. Let j be s(11). Let g = 592 + j. What is the units digit of g?
5
Suppose m - 9 = 2*m - 3*g, 4*m + 36 = -4*g. Let y(o) = o - 24. Let j be y(m). Let p = 0 - j. What is the tens digit of p?
3
Let p = 243 + 1011. Let u = p + 207. What is the units digit of u?
1
Let g = 63 + 483. Let k = g + 326. What is the tens digit of k?
7
Let l = 10 - 15. Let r(y) be the first derivative of -y**3/3 - 7*y**2/2 + 15*y - 6. What is the tens digit of r(l)?
2
Let m(r) = 4*r**2 + 6*r - 7. Let x be m(-4). Let s = x + -30. What is the units digit of (-5)/(s - 40/13)?
5
Suppose 112*h = 2264374 + 1696821 - 998571. What is the thousands digit of h?
6
Let w = 36059 - -35329. What is the tens digit of w?
8
Let z(c) = c**2 + 29*c + 339. What is the hundreds digit of z(41)?
2
Let g be (-3)/((-12)/16) - -203. Suppose -200 = -5*w - 175. What is the units digit of g - (-1 + (-10)/w)?
0
Let j = 16367 + -9612. What is the hundreds digit of j?
7
Suppose 105 = 5*u + 5*o, 3*o + 105 = u + 4*u. What is the hundreds digit of -1*197/(-1) - (u - 18)?
1
Suppose 1018 = 3*d + 5*u + 138, 2*d + 2*u - 588 = 0. Let f be d/(2 + (-3 - -2)). Suppose 4*z = 9*z - f. What is the tens digit of z?
5
Suppose 16*k + 12*k - 24108 = 0. What is the hundreds digit of (0 - -6) + (k - 41)?
8
Let s = -8354 + 14005. What is the thousands digit of s?
5
Let i = -30873 + 76662. What is the ten thousands digit of i?
4
Suppose -8*z - 99 = -19339. Let c = -1241 + z. What is the units digit of (11/(-33))/((-2)/c)?
4
Let n(g) = g + 4. Let w be n(-11). Let o(i) = -44*i + 28. Let s be o(w). Suppose -a = -4*a + s. What is the hundreds digit of a?
1
Let z(n) = -n**2 + 13*n - 26. Let o be z(10). What is the units digit of -98*(1 - (o - -2))?
0
Let n(f) = 871*f**3 - 13*f**2 + 11*f - 17. Let r(p) = 435*p**3 - 6*p**2 + 5*p - 8. Let z(k) = 6*n(k) - 13*r(k). What is the units digit of z(-1)?
0
Suppose -3*k = 5*d - 32503, -5*d - 60391 = -6*k + 4630. What is the hundreds digit of k?
8
Let w = -141 - -139. What is the hundreds digit of (-3)/(w/6*(-15)/(-785))?
4
Suppose 3*l - 44108 = 4*z, z = 5*l - 77144 + 3608. What is the thousands digit of l?
4
Suppose 3*z + 1 = -5, 2136 = 2*p + 5*z. Let u = -619 + p. What is the units digit of u?
4
Suppose 3*q + 15951 = 4*i - 24219, 3*q = -i + 10050. What is the thousands digit of i?
0
Let v(j) = j**2 + 5*j + 73. Let t = -69 - -69. What is the units digit of v(t)?
3
Let i(o) = -5*o - 3. Let z(k) = -3*k + 23. Let v be z(7). Let p be i(v). Let x = p + 28. What is the tens digit of x?
1
Suppose 26*b - 39389 = -8111. What is the tens digit of b?
0
Let t be (-1009)/(-19) - (-42)/(-399). Suppose t*y = 57*y - 444. What is the hundreds digit of y?
1
Suppose -n = 5*x + 4*n - 90, n - 57 = -4*x. Let s be 6/(-36) - x/(-6). What is the hundreds digit of (-1417)/(-11) + s + 6/33?
1
Let s be 1036/8*((0 - 5) + 3). Let q = -233 - s. What is the tens digit of q?
2
Suppose 16*t - 4*t = 14244. Suppose -3*c - t = -3959. What is the hundreds digit of c?
9
Suppose 5*x + 3*w - 12186 = -673, -2*x + 4622 = -3*w. What is the thousands digit of x?
2
Let o be (-21)/(-35) - (-12)/(-10)*338. Let z = o - -801. What is the hundreds digit of z?
3
Let k(d) = -d**3 + 15*d**2 - 58*d - 1. Let g be k(8). Let n(m) = -11*m - 103. What is the units digit of n(g)?
4
Let k = -210 - -187. Let g(b) = -17*b - 69. What is the tens digit of g(k)?
2
Let g = -111 + 136. Suppose 5*k = g, -2*l - 18*k + 236 = -20*k. What is the hundreds digit of l?
1
Let y be 9 + -9 - (1 - 61). Let x be 36/y - 34/(-10). Let l = 43 - x. What is the units digit of l?
9
Let a(q) = q**3 - q**2 + 4*q + 6. Let x be a(7). Suppose -2*y = -4*u + x, y + 0*y = -2*u - 168. Let b = 288 + y. What is the units digit of b?
2
Let t(k) = k**3 - 13*k**2 + 23*k - 5. Let v be t(11). Let o = 6 - v. Suppose o = z - 14 - 9. What is the tens digit of z?
2
Let h = 24347 + -15099. What is the thousands digit of h?
9
Let h(o) = 260*o**2 - 91*o - 95. What is the thousands digit of h(-9)?
1
Suppose 4*v = -3*n - 101, -4*n - 48 = -0*v + 2*v. Let k be v/117 + (-40)/(-18). Let i(z) = z**3 - z**2 + 2*z. What is the units digit of i(k)?
8
Suppose 70758 + 8368 = 9*o - 48242. What is the units digit of o?
2
Let j(i) = -5 + 28 + 28 + 2*i**2 + 21*i**2 - i**3 + 9*i. What is the hundreds digit of j(23)?
2
Let u = -1828 + 7846. Suppose 5*z - 4*j = 8891, 4*z - 1100 - u = -2*j. What is the tens digit of z?
7
Let w = -6652 + 6675. What is the units digit of w?
3
Let v = 955 - 608. What is the units digit of (v - (3 - 8)) + -1?
1
Let i(d) = -d**3 + 6*d**2 + 21*d - 38. Let y be i(8). Suppose h = -5*f + 307, -1439 = -5*h - y*f + f. What is the tens digit of h?
8
What is the tens digit of (-5 + (-10035)/18)/(3/(-18))?
7
Let f(n) = 15*n - 4. Let z(w) = -15*w + 4. Suppose 7*y - 14 = 2*y - 3*k, -2*k - 24 = -5*y. Let c(t) = y*z(t) + 5*f(t). What is the tens digit of c(5)?
7
Let b = -224 - -68. Let r = -771 - b. What is the tens digit of ((-2)/3)/(2/r)?
0
What is the tens digit of 2 - (-855)/((-76)/16 + 5)?
2
Let q(z) = 2*z**3 - 17*z**2 - 11*z + 26. What is the units digit of q(12)?
2
Let l = -7157 - -12653. What is the units digit of l?
6
Let c(p) = -p**3 + 17*p**2 + 38*p - 3. Let w be c(19). What is the tens digit of (3 - (-17)/w)*-24?
6
Let b be 138 - (0 + -1 + -3). Let x = b + 32. Suppose 24*k = 21*k + x. What is the tens digit of k?
5
Let z be (-1560)/45 - (1 + -2)/(-3). Let h = z